{"id":953,"date":"2019-01-04T16:21:33","date_gmt":"2019-01-04T15:21:33","guid":{"rendered":"http:\/\/chezdom.net\/etu\/?page_id=953"},"modified":"2019-01-04T16:27:17","modified_gmt":"2019-01-04T15:27:17","slug":"sujet-12-notification-avec-commandes","status":"publish","type":"page","link":"https:\/\/chezdom.net\/etu\/android-sujets\/sujet-12-notification-avec-commandes\/","title":{"rendered":"Sujet #12 &#8211; Notification avec commandes"},"content":{"rendered":"<p>Dans la suite du <a href=\"http:\/\/chezdom.net\/etu\/android-sujets\/sujet-1-notifications\/\">sujet #1<\/a>, sur les notifications il est possible de placer des \u00e9l\u00e9ments actifs, des widgets, sur une nofification. Cela permet par exemple de contr\u00f4ler un service qui tourne en arri\u00e8re plan (par exemple un lecteur de sons).<br \/>\nIl est aussi possible d&rsquo;envoyer des commandes \u00e0 une application (archiver un message ou r\u00e9pondre \u00e0 un message).<\/p>\n<p>Docs :<br \/>\n* <a href=\"https:\/\/developer.android.com\/training\/notify-user\/build-notification\">https:\/\/developer.android.com\/training\/notify-user\/build-notification<\/a><\/p>\n<h2>Application de d\u00e9mo<\/h2>\n<p>Cr\u00e9er une application de test disposant d&rsquo;un bouton. Lorsqu&rsquo;on active ce bouton, vous pourrez envoyer un toast par exemple.<\/p>\n<h2>Pr\u00e9sentation<\/h2>\n<p>Expliquer comment ajouter des boutons sur une notification et notamment comment impl\u00e9menter l&rsquo;action correspondante.<\/p>\n<p><a href=\"http:\/\/chezdom.net\/etu\/android-sujets\/\">Retour aux sujets<\/a><\/p>\n","protected":false},"excerpt":{"rendered":"<p>Dans la suite du sujet #1, sur les notifications il est possible de placer des \u00e9l\u00e9ments actifs, des widgets, sur une nofification. Cela permet par exemple de contr\u00f4ler un service qui tourne en arri\u00e8re plan (par exemple un lecteur de<span class=\"ellipsis\">&hellip;<\/span> <span class=\"read-more\"><a href=\"https:\/\/chezdom.net\/etu\/android-sujets\/sujet-12-notification-avec-commandes\/\">Lire la suite &#8250;<\/a><\/span><\/p>\n","protected":false},"author":1,"featured_media":0,"parent":903,"menu_order":0,"comment_status":"closed","ping_status":"closed","template":"","meta":{"jetpack_post_was_ever_published":false,"footnotes":""},"class_list":["post-953","page","type-page","status-publish","hentry"],"jetpack_sharing_enabled":true,"jetpack_shortlink":"https:\/\/wp.me\/P9qu1A-fn","_links":{"self":[{"href":"https:\/\/chezdom.net\/etu\/wp-json\/wp\/v2\/pages\/953","targetHints":{"allow":["GET"]}}],"collection":[{"href":"https:\/\/chezdom.net\/etu\/wp-json\/wp\/v2\/pages"}],"about":[{"href":"https:\/\/chezdom.net\/etu\/wp-json\/wp\/v2\/types\/page"}],"author":[{"embeddable":true,"href":"https:\/\/chezdom.net\/etu\/wp-json\/wp\/v2\/users\/1"}],"replies":[{"embeddable":true,"href":"https:\/\/chezdom.net\/etu\/wp-json\/wp\/v2\/comments?post=953"}],"version-history":[{"count":3,"href":"https:\/\/chezdom.net\/etu\/wp-json\/wp\/v2\/pages\/953\/revisions"}],"predecessor-version":[{"id":973,"href":"https:\/\/chezdom.net\/etu\/wp-json\/wp\/v2\/pages\/953\/revisions\/973"}],"up":[{"embeddable":true,"href":"https:\/\/chezdom.net\/etu\/wp-json\/wp\/v2\/pages\/903"}],"wp:attachment":[{"href":"https:\/\/chezdom.net\/etu\/wp-json\/wp\/v2\/media?parent=953"}],"curies":[{"name":"wp","href":"https:\/\/api.w.org\/{rel}","templated":true}]}}