{"id":919,"date":"2018-12-29T18:46:19","date_gmt":"2018-12-29T17:46:19","guid":{"rendered":"http:\/\/chezdom.net\/etu\/?page_id=919"},"modified":"2018-12-29T18:49:16","modified_gmt":"2018-12-29T17:49:16","slug":"sujet-6-carte","status":"publish","type":"page","link":"https:\/\/chezdom.net\/etu\/android-sujets\/sujet-6-carte\/","title":{"rendered":"Sujet #6 &#8211; Afficher une carte (GPS suite)"},"content":{"rendered":"<p>Dans la suite du <a href=\"http:\/\/chezdom.net\/etu\/android-sujets\/sujet-3-localisation-gps-et-autres\/\">sujet #3<\/a>, il s&rsquo;agit maintenant d&rsquo;afficher la position sur une carte. Pour cela on a 2 possibilit\u00e9s principales :<\/p>\n<ul>\n<li>utiliser l&rsquo;API <em>Google Maps<\/em> <\/li>\n<li><em>OpenStreetMaps<\/em> (biblioth\u00e8que <a href=\"https:\/\/github.com\/osmdroid\/osmdroid\">osmdroid<\/a>, voir aussi la page <a href=\"http:\/\/tvaira.free.fr\/dev\/android\/android-carte.html\">Afficher une carte sous Android<\/a>). <\/li>\n<\/ul>\n<p>Dans ce sujet, on utilisera de pr\u00e9f\u00e9rence l&rsquo;API <em>Google Maps<\/em>.<\/p>\n<p>Attention, pour utiliser l&rsquo;API de Google vous aurez besoin d&rsquo;une cl\u00e9 que vous pourrez demander sur la page <a href=\"https:\/\/developers.google.com\/maps\/documentation\/android-sdk\/intro\">Maps SDK for Android<\/a>.<\/p>\n<h2>Application de d\u00e9mo<\/h2>\n<p>Cr\u00e9er une application de test qui affiche dans une dans une zone de l&rsquo;\u00e9cran (que vous pourrez d\u00e9finir) la carte correspondant \u00e0 la localisation actuelle de l&rsquo;appareil.<\/p>\n<h2>Pr\u00e9sentation<\/h2>\n<p>Expliquer comment r\u00e9cup\u00e9rer et utiliser la cl\u00e9 de <em>Google Maps<\/em> API. D\u00e9taillez la fa\u00e7on d&rsquo;afficher la carte dans un widget ou un container sur l&rsquo;\u00e9cran.<\/p>\n<p><a href=\"http:\/\/chezdom.net\/etu\/android-sujets\/\">Retour aux sujets<\/a><\/p>\n","protected":false},"excerpt":{"rendered":"<p>Dans la suite du sujet #3, il s&rsquo;agit maintenant d&rsquo;afficher la position sur une carte. Pour cela on a 2 possibilit\u00e9s principales : utiliser l&rsquo;API Google Maps OpenStreetMaps (biblioth\u00e8que osmdroid, voir aussi la page Afficher une carte sous Android). Dans<span class=\"ellipsis\">&hellip;<\/span> <span class=\"read-more\"><a href=\"https:\/\/chezdom.net\/etu\/android-sujets\/sujet-6-carte\/\">Lire la suite &#8250;<\/a><\/span><\/p>\n","protected":false},"author":1,"featured_media":0,"parent":903,"menu_order":0,"comment_status":"closed","ping_status":"closed","template":"","meta":{"jetpack_post_was_ever_published":false,"footnotes":""},"class_list":["post-919","page","type-page","status-publish","hentry"],"jetpack_sharing_enabled":true,"jetpack_shortlink":"https:\/\/wp.me\/P9qu1A-eP","_links":{"self":[{"href":"https:\/\/chezdom.net\/etu\/wp-json\/wp\/v2\/pages\/919","targetHints":{"allow":["GET"]}}],"collection":[{"href":"https:\/\/chezdom.net\/etu\/wp-json\/wp\/v2\/pages"}],"about":[{"href":"https:\/\/chezdom.net\/etu\/wp-json\/wp\/v2\/types\/page"}],"author":[{"embeddable":true,"href":"https:\/\/chezdom.net\/etu\/wp-json\/wp\/v2\/users\/1"}],"replies":[{"embeddable":true,"href":"https:\/\/chezdom.net\/etu\/wp-json\/wp\/v2\/comments?post=919"}],"version-history":[{"count":3,"href":"https:\/\/chezdom.net\/etu\/wp-json\/wp\/v2\/pages\/919\/revisions"}],"predecessor-version":[{"id":929,"href":"https:\/\/chezdom.net\/etu\/wp-json\/wp\/v2\/pages\/919\/revisions\/929"}],"up":[{"embeddable":true,"href":"https:\/\/chezdom.net\/etu\/wp-json\/wp\/v2\/pages\/903"}],"wp:attachment":[{"href":"https:\/\/chezdom.net\/etu\/wp-json\/wp\/v2\/media?parent=919"}],"curies":[{"name":"wp","href":"https:\/\/api.w.org\/{rel}","templated":true}]}}