{"id":918,"date":"2018-12-29T18:39:03","date_gmt":"2018-12-29T17:39:03","guid":{"rendered":"http:\/\/chezdom.net\/etu\/?page_id=918"},"modified":"2020-01-13T23:42:59","modified_gmt":"2020-01-13T22:42:59","slug":"sujet-5-capteurs","status":"publish","type":"page","link":"https:\/\/chezdom.net\/etu\/android-sujets\/sujet-5-capteurs\/","title":{"rendered":"Sujet #5 &#8211; Capteurs"},"content":{"rendered":"<p>Il s&rsquo;agit d&rsquo;exp\u00e9rimenter l&rsquo;utilisation des capteurs pr\u00e9sents sur les appareils mobiles : temp\u00e9rature, pression atmosph\u00e9rique, luminosit\u00e9, humidit\u00e9. Tous les capteurs ne sont pas pr\u00e9sents sur chaque mod\u00e8le d&rsquo;appareil, il faut donc v\u00e9rifier l&rsquo;existence de ces capteurs avant de tenter de lire dessus !<\/p>\n<p>Pour acc\u00e9der aux capteurs, vous utiliserez la classe <em>SensorManager<\/em>, qui donne tous les outils n\u00e9cessaires. Notez qu&rsquo;afin d&rsquo;assurer des mises \u00e0 jour en continu des valeurs affich\u00e9es, les capteurs \u00e9mettent des \u00e9v\u00e9nements lors de changement des valeurs captur\u00e9es.<\/p>\n<p>Docs:<\/p>\n<ul>\n<li><a href=\"https:\/\/developer.android.com\/guide\/topics\/sensors\/sensors_overview\">https:\/\/developer.android.com\/guide\/topics\/sensors\/sensors_overview<\/a><\/li>\n<\/ul>\n<h2>Application de d\u00e9mo<\/h2>\n<p>Cr\u00e9er une application de test permettant d&rsquo;afficher sur l&rsquo;\u00e9cran les valeurs donn\u00e9es des capteurs pr\u00e9sents.  On pourra par exemple afficher un texte comme <code>non pr\u00e9sent<\/code> ou plus simplement <code>-\/-<\/code> en cas d&rsquo;absence d&rsquo;un capteur donn\u00e9.<\/p>\n<h2>Pr\u00e9sentation<\/h2>\n<p>Expliquez le principe permettant de v\u00e9rifier quels capteurs sont pr\u00e9sents, la lecture des valeurs, ainsi que la mise \u00e0 jour en temps r\u00e9el.<\/p>\n<p><a href=\"http:\/\/chezdom.net\/etu\/android-sujets-2019-2020\/\">Retour aux sujets<\/a><\/p>\n","protected":false},"excerpt":{"rendered":"<p>Il s&rsquo;agit d&rsquo;exp\u00e9rimenter l&rsquo;utilisation des capteurs pr\u00e9sents sur les appareils mobiles : temp\u00e9rature, pression atmosph\u00e9rique, luminosit\u00e9, humidit\u00e9. Tous les capteurs ne sont pas pr\u00e9sents sur chaque mod\u00e8le d&rsquo;appareil, il faut donc v\u00e9rifier l&rsquo;existence de ces capteurs avant de tenter de<span class=\"ellipsis\">&hellip;<\/span> <span class=\"read-more\"><a href=\"https:\/\/chezdom.net\/etu\/android-sujets\/sujet-5-capteurs\/\">Lire la suite &#8250;<\/a><\/span><\/p>\n","protected":false},"author":1,"featured_media":0,"parent":903,"menu_order":0,"comment_status":"closed","ping_status":"closed","template":"","meta":{"jetpack_post_was_ever_published":false,"footnotes":""},"class_list":["post-918","page","type-page","status-publish","hentry"],"jetpack_sharing_enabled":true,"jetpack_shortlink":"https:\/\/wp.me\/P9qu1A-eO","_links":{"self":[{"href":"https:\/\/chezdom.net\/etu\/wp-json\/wp\/v2\/pages\/918","targetHints":{"allow":["GET"]}}],"collection":[{"href":"https:\/\/chezdom.net\/etu\/wp-json\/wp\/v2\/pages"}],"about":[{"href":"https:\/\/chezdom.net\/etu\/wp-json\/wp\/v2\/types\/page"}],"author":[{"embeddable":true,"href":"https:\/\/chezdom.net\/etu\/wp-json\/wp\/v2\/users\/1"}],"replies":[{"embeddable":true,"href":"https:\/\/chezdom.net\/etu\/wp-json\/wp\/v2\/comments?post=918"}],"version-history":[{"count":5,"href":"https:\/\/chezdom.net\/etu\/wp-json\/wp\/v2\/pages\/918\/revisions"}],"predecessor-version":[{"id":1136,"href":"https:\/\/chezdom.net\/etu\/wp-json\/wp\/v2\/pages\/918\/revisions\/1136"}],"up":[{"embeddable":true,"href":"https:\/\/chezdom.net\/etu\/wp-json\/wp\/v2\/pages\/903"}],"wp:attachment":[{"href":"https:\/\/chezdom.net\/etu\/wp-json\/wp\/v2\/media?parent=918"}],"curies":[{"name":"wp","href":"https:\/\/api.w.org\/{rel}","templated":true}]}}