{"id":875,"date":"2018-11-12T19:46:36","date_gmt":"2018-11-12T18:46:36","guid":{"rendered":"http:\/\/chezdom.net\/etu\/?page_id=875"},"modified":"2018-11-12T19:52:51","modified_gmt":"2018-11-12T18:52:51","slug":"code-exemple-de-preferences","status":"publish","type":"page","link":"https:\/\/chezdom.net\/etu\/code-exemple-de-preferences\/","title":{"rendered":"Code exemple de pr\u00e9f\u00e9rences"},"content":{"rendered":"<h1>Sauvegarder des donn\u00e9es<\/h1>\n<p>On sauvegarde un highscore, stock\u00e9 dans la variable newHighScore, alors que le nom du gagnant est dans la variable newHighScoreName<\/p>\n<pre class=\"brush: java; gutter: true\">\nSharedPreferences sharedPref = getPreferences(Context.MODE_PRIVATE);\nSharedPreferences.Editor editor=sharedPref.edit();\neditor.putInt(&quot;HS_VAL&quot;,newHighScore);\neditor.putString(&quot;HS_NAME&quot;, newHighScoreName);\neditor.apply(); \/\/ ou editor.commit();\n<\/pre>\n<h1>R\u00e9cup\u00e9rer ces donn\u00e9es<\/h1>\n<p>On suppose que les variables defaultHighScore et defaultHighScoreName contiennent les valeurs par d\u00e9faut.<\/p>\n<pre class=\"brush: java; gutter: true\">\nSharedPreferences sharedPref = getPreferences(Context.MODE_PRIVATE);\nint highscore=sharedPref.getInt(&quot;HS_VAL&quot;, defaultHighScore);\nString highscoreName=sharedPref.getInt(&quot;HS_NAME&quot;, defaultHighScoreName);\n<\/pre>\n","protected":false},"excerpt":{"rendered":"<p>Sauvegarder des donn\u00e9es On sauvegarde un highscore, stock\u00e9 dans la variable newHighScore, alors que le nom du gagnant est dans la variable newHighScoreName SharedPreferences sharedPref = getPreferences(Context.MODE_PRIVATE); SharedPreferences.Editor editor=sharedPref.edit(); editor.putInt(&quot;HS_VAL&quot;,newHighScore); editor.putString(&quot;HS_NAME&quot;, newHighScoreName); editor.apply(); \/\/ ou editor.commit(); R\u00e9cup\u00e9rer ces donn\u00e9es On<span class=\"ellipsis\">&hellip;<\/span> <span class=\"read-more\"><a href=\"https:\/\/chezdom.net\/etu\/code-exemple-de-preferences\/\">Lire la suite &#8250;<\/a><\/span><\/p>\n","protected":false},"author":1,"featured_media":0,"parent":0,"menu_order":0,"comment_status":"closed","ping_status":"closed","template":"","meta":{"jetpack_post_was_ever_published":false,"footnotes":""},"class_list":["post-875","page","type-page","status-publish","hentry"],"jetpack_sharing_enabled":true,"jetpack_shortlink":"https:\/\/wp.me\/P9qu1A-e7","_links":{"self":[{"href":"https:\/\/chezdom.net\/etu\/wp-json\/wp\/v2\/pages\/875","targetHints":{"allow":["GET"]}}],"collection":[{"href":"https:\/\/chezdom.net\/etu\/wp-json\/wp\/v2\/pages"}],"about":[{"href":"https:\/\/chezdom.net\/etu\/wp-json\/wp\/v2\/types\/page"}],"author":[{"embeddable":true,"href":"https:\/\/chezdom.net\/etu\/wp-json\/wp\/v2\/users\/1"}],"replies":[{"embeddable":true,"href":"https:\/\/chezdom.net\/etu\/wp-json\/wp\/v2\/comments?post=875"}],"version-history":[{"count":4,"href":"https:\/\/chezdom.net\/etu\/wp-json\/wp\/v2\/pages\/875\/revisions"}],"predecessor-version":[{"id":879,"href":"https:\/\/chezdom.net\/etu\/wp-json\/wp\/v2\/pages\/875\/revisions\/879"}],"wp:attachment":[{"href":"https:\/\/chezdom.net\/etu\/wp-json\/wp\/v2\/media?parent=875"}],"curies":[{"name":"wp","href":"https:\/\/api.w.org\/{rel}","templated":true}]}}